) = 2*r**2 - 2*r - 8. Let y be a(7). Suppose -3*g + 5*o = -46 - 162, g - 5*o = y. Calculate the highest common divisor of 33 and g.
33
Suppose 6 = -2*w + v - 7, 0 = 4*w - 4*v + 16. Let r be w*1/2*-4. Calculate the highest common divisor of 45 and r.
9
Suppose -3 = -3*r + 39. Let j = 0 + 3. Suppose -v + r = 2*g, 1 = v - j. Calculate the greatest common factor of g and 15.
5
Suppose -2*c + 1 = 5*s - 47, 4*c + 4*s = 96. Suppose 0 = r - 2, 4*r + 136 = 4*o. What is the highest common factor of c and o?
12
Let u be ((-216)/30)/((-4)/50). Suppose q - 18 = -j, -2*q + q + 3*j + 18 = 0. Calculate the highest common factor of u and q.
18
Let p be (4/3)/(3/(-9)). Let j = 6 - p. Let y be j - 3 - -2 - 3. Calculate the highest common factor of 15 and y.
3
Suppose -17 = -x + 17. What is the greatest common divisor of x and 34?
34
Let q = -64 - -65. What is the greatest common factor of q and 8?
1
Let y be 44/(1 - (-1 - 0)). Calculate the highest common divisor of y and 33.
11
Let j(i) = i**2 + 6*i - 5. Suppose 2*o = 0, -3*o + 1 = 5*h + 36. Let n be j(h). Let c be n/4*(-3 + 211). What is the greatest common factor of 13 and c?
13
Let c = 16 - 16. Suppose c = 5*h - 10 - 70. Calculate the greatest common factor of 4 and h.
4
Suppose -12*h - 5*h = -221. Let l = -153 + 244. What is the highest common factor of h and l?
13
Let a(d) = -d**3 + 6*d**2 + 4. Let o be a(6). Let y = 17 - 12. Suppose c = o*g - 46 + 6, -y*c = -20. Calculate the greatest common divisor of g and 22.
11
Let r = 76 - 20. Suppose 5*t + 4*f - 51 = 0, 0 = -2*t - 2*t - 3*f + 40. Calculate the greatest common divisor of r and t.
7
Suppose 686 = -o + 3*o. Let y = -224 + o. What is the greatest common factor of 17 and y?
17
Suppose p + 8 - 2 = 0. Let w = p - -32. What is the greatest common factor of 65 and w?
13
Let g(u) = u**3 + 5*u**2 - 3*u. Let y be g(-4). Suppose -5*k + 27 = -y. Calculate the highest common divisor of k and 77.
11
Suppose 0 = -2*h - 10 + 26. What is the highest common divisor of 40 and h?
8
Let m = 15 + -6. Let v = 217 + -52. Suppose -4*t = -m*t + v. What is the highest common factor of 3 and t?
3
Suppose -5 + 125 = 3*d. Let i = d + -22. Calculate the highest common divisor of 45 and i.
9
Let x be 25/3 + 2/(-6). Suppose -4*o + x = -4*v, v - 32 = -4*o - v. Let b = o + -3. Calculate the greatest common divisor of b and 24.
3
Let h be (44 - 22)*(2 + 0). What is the greatest common factor of h and 11?
11
Let t be 1 - (1 + -3)/2. Suppose 26 = t*q - 0*q. What is the greatest common factor of 65 and q?
13
Suppose 0 = 2*f - 297 - 87. Calculate the greatest common divisor of f and 24.
24
Let k(f) = -f**2 - f + 6. Let i be k(0). Suppose 113*m - 115*m = -108. What is the greatest common divisor of i and m?
6
Let c be ((-1)/2)/1*-4. Let n be c + 12 - (-2 + 3). Calculate the greatest common divisor of 143 and n.
13
Suppose -2*m - 5*b - 21 = 0, -4*m + 12 = -3*m - 2*b. Suppose 3*i - 3*n = m*n + 12, 4*n - 57 = -5*i. Calculate the highest common divisor of i and 72.
9
Let q(v) = v**3 + 5*v**2 + 2*v - 3. Let l be (6/(-10))/(2/10). Let d be q(l). Calculate the highest common divisor of d and 6.
3
Let y(c) = 3*c - 35. Let v be y(12). What is the highest common divisor of v and 1?
1
Let r = 13 + -11. Let b(n) = 3*n**2 - n. Let z be b(r). Calculate the greatest common factor of 60 and z.
10
Suppose -11 - 3 = -2*w. Suppose 0 = 4*g + 14 - 42. Calculate the greatest common factor of g and w.
7
Let j(s) = s**3 - s. Let k be j(1). Suppose k*g + g - 5 = 0. What is the greatest common divisor of 20 and g?
5
Let k = 2 - 7. Let n(m) = -2*m + 4. Let q be n(k). Suppose 0 = c, -2*c - 6 = -3*y - 7*c. What is the greatest common factor of y and q?
2
Suppose 0 = -3*h + 9, 4*h = o + 3*o - 92. Suppose -7*v = -8*v + 39. What is the greatest common factor of v and o?
13
Suppose 5*s - 2*s - 45 = g, s + 4*g = 2. Calculate the greatest common factor of 2 and s.
2
Suppose 0 = 5*q - 36 - 49. Let h = 4 - 1. Suppose 0 = 5*p - q - h. What is the highest common divisor of p and 6?
2
Let g be (-724)/(-18) + -4 + 238/63. What is the highest common divisor of g and 10?
10
Suppose t - 1 - 4 = 0, -2*l + 9 = -3*t. Suppose 0 = -5*c + c + l. Suppose 158 = c*g - 7. What is the highest common divisor of 22 and g?
11
Let h = 9 - 4. What is the highest common factor of 45 and h?
5
Let z = 0 - -4. Suppose 0 = z*b - 15 + 7. Suppose 27 = 3*x + 9. Calculate the highest common factor of x and b.
2
Let v = 427 + -99. What is the greatest common divisor of 41 and v?
41
Let m be 3/9*0 + 3. Calculate the greatest common divisor of 15 and m.
3
Let u(p) = -p**2 - 6*p + 9. Let c be u(-4). Calculate the highest common divisor of c and 187.
17
Suppose -4*w = 2*r + 3*r - 34, 3*w - 35 = r. What is the highest common factor of w and 99?
11
Suppose 330 = 10*c + 5*c. What is the highest common factor of 198 and c?
22
Let p be ((-4)/(8/(-10)))/5. What is the highest common factor of 11 and p?
1
Let v be (2/1)/2 + 3. Suppose v*q = -5*f + 108 + 43, q - 31 = f. What is the highest common factor of 85 and q?
17
Suppose -50 = 9*l - 14*l. Suppose -3*a + 20 = -2*a. What is the highest common divisor of a and l?
10
Let u = -14 + 17. Let v be u*1*(-176)/(-33). What is the greatest common factor of 16 and v?
16
Suppose -1056 = 3*v - 9*v. Calculate the highest common divisor of 22 and v.
22
Suppose 5*y - 4 = 4*v, 2*v + 3 = 3*y - 1. Suppose 0 = -n - v + 9. Calculate the greatest common factor of n and 55.
5
Let i(n) = -n**2 - 12*n - 6. Let d be i(-11). Suppose d*w = -b + 156, 4*b + b = -3*w + 76. What is the highest common divisor of w and 48?
16
Let g(f) = -f**2 + 5*f + 10. Let r be g(7). Let n be (-955)/(-35) + r/14. Suppose c = -3*c + 72. What is the greatest common factor of c and n?
9
Let s be -2*(-3)/(-9)*78/(-4). What is the highest common factor of 91 and s?
13
Let t be 26/39 + (-295)/(-3). What is the highest common divisor of t and 9?
9
Suppose -1 = 5*q + 4, -3*l = q - 5. Let b be 77/14*l*5. Calculate the highest common factor of 5 and b.
5
Suppose g + 5*o - 11 = -0*o, -g - 2*o = -2. Let v = 7 + g. Suppose -v*p + 52 = -2*i, 3*i = i + 2. What is the highest common divisor of 36 and p?
18
Suppose 10*t - 8*t - 98 = 0. What is the highest common divisor of t and 7?
7
Let t(v) = -3*v - 9. Let x be t(-4). Calculate the greatest common divisor of x and 24.
3
Suppose -10 - 5 = -3*d - 2*y, 4*y - 27 = -5*d. Suppose d*r - 4*k - 168 = 0, 0*r + 2*k - 246 = -4*r. Calculate the greatest common divisor of 20 and r.
20
Let b(q) = 2*q**2 - 2*q - 10. Let g be b(-3). What is the highest common divisor of 28 and g?
14
Let n = -10 + 7. Let y be 7 - n*1/(-3). Let s be ((-45)/6)/((-1)/y). What is the highest common factor of s and 30?
15
Suppose 2*o = -3*y + 3*o + 20, 16 = 3*y + o. Suppose 0 = -y*l + l. Suppose -c - 5*m = -l*c, -4*c + 15 = 5*m. Calculate the highest common divisor of c and 45.
5
Let h = 6 - 28. Let a = h - -10. Let g(v) = -v - 10. Let x be g(a). Calculate the highest common factor of x and 1.
1
Let v = 103 + -94. Calculate the highest common divisor of v and 288.
9
Let t = -79 - -82. What is the highest common divisor of 39 and t?
3
Suppose 104 = 11*w - 28. Calculate the greatest common factor of 16 and w.
4
Let b = 0 + -3. Let o be 6 + -1*(b - -6). Let y(j) = j**2 + 4*j + 1. Let c be y(-4). What is the greatest common divisor of o and c?
1
Suppose -3*w = -0*w - 6. Let c be 4/2 + 121 + -2. Let y be c + 1 + -3 + w. What is the greatest common divisor of y and 11?
11
Suppose -4*u - 7 = -35. Suppose -4*q - 3 = -u. What is the greatest common divisor of q and 2?
1
Let g(b) = -b**2 - 8*b + 8. Let c = -10 + 2. Let y be g(c). Suppose -4*q = 3*k - 0*q - 10, 0 = k + 2*q - 4. Calculate the greatest common divisor of k and y.
2
Let m = -6 + 25. What is the highest common factor of m and 19?
19
Let c(z) = -z**3 + 6*z**2 + 6*z. Let o be c(5). What is the greatest common factor of 33 and o?
11
Let n be ((-12)/8)/(1/(-2)). Calculate the highest common divisor of n and 24.
3
Let n = -10 - -17. Let r be (-10 + -120)*(-1)/2. Let s be 2/13 - (-3630)/r. What is the highest common divisor of s and n?
7
Let c = 363 - 113. Suppose p + p = c. What is the highest common factor of 50 and p?
25
Suppose 46 = f - b, 5*f - b + 24 = 238. Let q be 16/12*(-21)/(-2). What is the highest common fac